1. Let c(z) = z**2 - 4*z - 9. Let l(f) = c(f) + 2*g(f). Suppose -4*o + 6*o + 1 = i, -5*i - o = -49. What are the prime factors of l(i)?
2
Let o(x) = x**2 + 11. Let p = -2 - -2. What are the prime factors of o(p)?
11
Suppose -2*w + 5*j - 16 = -0, -w + 5*j - 13 = 0. Suppose 2*y + 2 - 16 = 0. Let s = y + w. What are the prime factors of s?
2
Suppose 3*c - 154 = 2*f + 8, -5*c + 2*f + 270 = 0. List the prime factors of c.
2, 3
Suppose 0 = -2*o - 4*h, 0 = -o + 5*h + 3 + 11. Let y(m) be the first derivative of m**2 + m - 1. List the prime factors of y(o).
3
Let b(o) = -o - 7. Let v be b(-5). What are the prime factors of (-45)/(-6)*v/(-3)?
5
Suppose 0 = -z - 4*z + 300. List the prime factors of z.
2, 3, 5
Suppose -15 = -5*u + 120. What are the prime factors of u?
3
Let n(m) = -m**2 - 8*m - 6. Let c be n(-6). Suppose -y + c = -3. List the prime factors of y.
3
Let u = 20 + 68. What are the prime factors of u?
2, 11
Let n(x) = -3*x - 2*x - 2 + 2*x. List the prime factors of n(-8).
2, 11
Suppose y = -3*f + 1, 2*f - 10 = -3*y - 0. Let z = 7 - y. List the prime factors of z.
3
Let q(i) = -2*i**3 - i + 2. List the prime factors of q(-3).
59
Suppose 5*i - 4*s = -13, 5*i + 3 = 4*i + s. Let d(m) = -48*m - 2. What are the prime factors of d(i)?
2, 23
Let x be (-8)/12 + 34/6. Let p(m) = m**2 - 2*m - 2. List the prime factors of p(x).
13
Suppose -4*n = -2*a + 152, n + 76 = a + 5*n. List the prime factors of a.
2, 19
Let r = -9 + 5. Let a be (-25)/r + (-1)/4. Let q = a - 2. What are the prime factors of q?
2
Let b = -28 - -60. List the prime factors of b.
2
Suppose 14*g = 11*g + 300. Suppose -4*t = -0*t - g. List the prime factors of t.
5
Let a(s) be the third derivative of s**5/60 - s**4/24 - s**3/6 + 3*s**2. Let p be a(-1). Let u(c) = 14*c. What are the prime factors of u(p)?
2, 7
What are the prime factors of (-3)/(-6*(-1)/(-32))?
2
Suppose -68 = -2*y + 34. What are the prime factors of y?
3, 17
Suppose 0 = 5*z + 2*s - 1011, -z = -3*s - 137 - 72. What are the prime factors of z?
7, 29
Let p be 3 + (-2 - -2) - 3. What are the prime factors of p + (15 - -2 - 1)?
2
Let y = -11 + 12. What are the prime factors of 24/10*20/y?
2, 3
Suppose -6 = 3*v + 9. Let f be (-2)/(-7) + 228/(-14). List the prime factors of f/v + (-4)/20.
3
Suppose 3*q - 5*b = -2*q - 15, 2*q - 19 = -3*b. What are the prime factors of q?
2
Suppose 4*z + m - 16 = 0, -3*z - 2*m - 2*m + 12 = 0. Let j be 0/(-2) - z/2. Let w = j - -5. What are the prime factors of w?
3
Let d(s) = 18*s - 6. List the prime factors of d(4).
2, 3, 11
Let w(h) = -41*h + 2. What are the prime factors of w(-1)?
43
List the prime factors of (-2 - 36)/(((-15)/(-6))/(-5)).
2, 19
Let h(y) be the third derivative of y**4/12 + y**3/2 - y**2. List the prime factors of h(10).
23
Let u = -4 - 1. Let y(o) = -5*o - 28. Let k be y(-8). Let b = u + k. List the prime factors of b.
7
Let i = -6 + 28. List the prime factors of i.
2, 11
Suppose 4*d - 3 = 3*f + 2, 0 = 5*f - 25. What are the prime factors of d?
5
Suppose -2*k = 2*q - 130, 2*q + 3*q = -2*k + 313. Let j = -38 + q. Suppose -31 = -0*y - 5*y - h, -3*h = 5*y - j. List the prime factors of y.
7
Suppose -3*v - 85 + 22 = 0. Let s = v - -30. List the prime factors of s.
3
Let w be (-2)/(-4) - 30/4. Let g be 0 + 3 - (w + 8). Suppose -2*r = -g*l + 3*l - 7, -3*l = -3*r + 24. List the prime factors of r.
5
Let x(z) = -z + 4. Let q be x(3). Let j be 0 + (35 - q*-2). Suppose -4*p = -j + 9. List the prime factors of p.
7
Let h(v) = -4*v + 2 - 7 - 7 + 2. List the prime factors of h(-6).
2, 7
Let r be (-8)/20 + (-614)/(-10). Let k = -42 + r. What are the prime factors of k?
19
Let o(x) be the third derivative of -x**4/24 + x**3/2 - 2*x**2. Let l be o(6). List the prime factors of (-12)/18 + (-38)/l.
2, 3
Let i be 1*-4 - (3 + -3). What are the prime factors of (i/1)/((-1)/2)?
2
Let g(h) = h + 7. Let x be g(-6). What are the prime factors of x/2*42/1?
3, 7
Let s(j) = 11*j + 1. Let t be (36/16 + -3)*-4. List the prime factors of s(t).
2, 17
Let i(b) = -b**3 - 6*b**2 - 2*b - 2. Let o(v) = -v**3 - 4*v**2 + v - 2. Suppose 5*a + 12 = 2*a. Let m be o(a). List the prime factors of i(m).
2, 5
Let n = 6 - 3. Suppose 2*z + n*z - 130 = 0. What are the prime factors of z?
2, 13
Let b = -1 + 3. Let y(q) = q**2 - 7*q**2 - q**3 - 8*q - b*q**2 + 4. What are the prime factors of y(-7)?
11
Suppose -4*n - 3*f + 86 = 0, -4*n + 22 = -3*n + f. List the prime factors of n.
2, 5
Suppose -4*v + 100 = -32. Suppose -2*p - 2*o = 2*o - 38, 2*p - o - v = 0. What are the prime factors of p?
17
Suppose -68 = 4*z - 5*z. Let p = z + -40. List the prime factors of p.
2, 7
Suppose b - 6*b = -75. Suppose -3*t - b = -8*t. Let y = 5 - t. What are the prime factors of y?
2
Suppose 0 = -3*u + 6 + 3. Suppose -2*h - 41 = -5*h - 4*i, -u*h = i - 35. What are the prime factors of h?
11
Suppose -2*l = -6*l - 24. Let u be (60/(-25))/(l/20). Suppose u = y - 4. List the prime factors of y.
2, 3
Let y(b) = b**3 + 9*b**2 - 10*b + 2. Let p be y(-10). Let k(n) = 3*n**2 - n**2 - 9 - n**p - 4*n. What are the prime factors of k(7)?
2, 3
Suppose -1 - 2 = -c. Suppose -19 + 3 = -4*k. What are the prime factors of c + k - 2/2?
2, 3
Let s(f) = -4*f**3 + 5*f - 4*f + 1 + f**2 + 0*f**2. Let z be s(-1). Suppose 0 = -3*j - d + 26, 0 = -0*d - z*d + 10. What are the prime factors of j?
2
Suppose -i + 2*q + 43 = -q, q + 61 = 2*i. What are the prime factors of i?
2, 7
Suppose 2 = i - 5. Let y(r) = r**3 + r + 5. Let n be y(0). Suppose 3*z - 2*o = i, -4*o + 2 + 17 = n*z. What are the prime factors of z?
3
Suppose -4*o = 4*m - 300, 24 = m + 3*o - 49. List the prime factors of m.
2, 19
Suppose -10*w = -7*w. Suppose 6*h - 2*s = h + 6, -4*s + 16 = 4*h. Suppose -g + h*g - 6 = w. List the prime factors of g.
2, 3
Suppose -5*n = -101 + 6. List the prime factors of n.
19
Let v = 52 + 9. What are the prime factors of v?
61
Let f be (-106)/22 + (-16)/88. List the prime factors of 0 - (4/4 + f).
2
Suppose -5*y + 26 = 3*v, 2*v - 4 = y - 2*v. Suppose y*q - 5 = 19. What are the prime factors of q?
2, 3
Suppose 2*g + 2*z + 78 = 736, -3*z = -g + 321. List the prime factors of g.
3, 109
Let m be 10/(-1)*(4 - 3). Let v = m + 14. What are the prime factors of v?
2
Suppose 5 - 15 = -5*k. Suppose -16 = 4*f, k*f = -5*g + 6*f + 56. Suppose -b + g = b. List the prime factors of b.
2
Let g(d) = -d**3 - 10*d**2 - 10*d - 13. Let h be g(-9). List the prime factors of (-2)/h + (-17)/(-2).
3
Let x(g) = g. Let u be x(8). Suppose 4 = y - 3*c, -4*y - u + 33 = -3*c. What are the prime factors of y?
7
Let j(p) = p**2 - 5*p + 5. Let y = -9 - -5. Let b be (-2 - y)*28/8. List the prime factors of j(b).
19
Let l = -180 - -258. Suppose -26*t - l = -28*t. List the prime factors of t.
3, 13
Let a be (0 - 1*-10)/(-1). What are the prime factors of (-164)/(-10) - a/(-25)?
2
Let g(c) = 2*c**2 - 5*c + 9. List the prime factors of g(-7).
2, 71
Let a be (-3)/((-51)/42 - -1). Suppose -2*v = 3*z - a, 2*z + 5*v = -0*v + 24. List the prime factors of z.
2
Suppose -23 - 4 = -r. List the prime factors of r.
3
Let q be -37 + -3*(-2)/2. Let w = q - -47. List the prime factors of w.
13
List the prime factors of (-18)/(-81) + 183/27.
7
Suppose -2 = -2*k, 4*l - 209 = -6*k + k. Suppose 4*c - l = 21. List the prime factors of c.
2, 3
Let i(r) be the third derivative of -r**6/720 + 11*r**5/120 + r**4/24 + 3*r**2. Let f(h) be the second derivative of i(h). What are the prime factors of f(0)?
11
Suppose -2*z - 10 = 3*z - 2*c, -4*z + 5*c = 25. Suppose 0 = -z*q - 2*q + 44. List the prime factors of q.
2, 11
Let u(a) = -a**2 + 3*a - 2. Let o be u(2). Suppose -4*k + 5*t + 58 = o, -3*k = t + 10 - 44. What are the prime factors of k?
2, 3
Let h be 26/3 + 2/6. Suppose -4*p = -h - 15. List the prime factors of p.
2, 3
Suppose -4*h - 5*l = -639, -3*l - 480 = -3*h - 7*l. List the prime factors of h.
2, 3, 13
Suppose 0 = 2*a - 4*n - 0 + 8, a + 5*n - 24 = 0. Suppose 10 = 2*i + x, 0 = 3*i + a*x - 2*x - 14. List the prime factors of i.
2, 3
List the prime factors of -3 + 0/3 + -3 + 187.
181
Suppose -4*p + 150 + 34 = 0. What are the prime factors of p?
2, 23
Let d(c) = -7*c - 7. Let x be d(-6). Suppose -6*w = -w + x. Let q(h) = -3*h - 8. List the prime factors of q(w).
13
Let k(s) = -s**3 + 6*s**2 + 3*s - 6. What are the prime factors of k(6)